{"id":1402,"date":"2023-02-09T14:33:43","date_gmt":"2023-02-09T14:33:43","guid":{"rendered":"https:\/\/simon-weiland.de\/?page_id=1402"},"modified":"2025-05-25T07:57:34","modified_gmt":"2025-05-25T07:57:34","slug":"arm-und-reich-programmheft","status":"publish","type":"page","link":"https:\/\/simon-weiland.de\/?page_id=1402","title":{"rendered":"Arm und Reich"},"content":{"rendered":"\n<p><strong>Vom Fischer und keiner Frau<\/strong><\/p>\n\n\n\n<p>Eine Adaption des M\u00e4rchens &#8222;Vom Fischer und seiner Frau&#8220;. Im Gegensatz zum M\u00e4rchen gibt dieses St\u00fcck nicht der Frau die Schuld an den Krisen von heute. Vielmehr ist es gerade das Fehlen des Weiblichen in der patriarchalen Welt, das dazu f\u00fchrt, dass Hierarchien, Kriege und schlie\u00dflich Imperien entstehen, die nie genug kriegen.<\/p>\n\n\n\n<p><strong>Das geistige Klima<\/strong><\/p>\n\n\n\n<p>Im M\u00e4rchen wird das Wetter durch die st\u00e4ndige Expansion immer extremer. Welches geistige Klima liegt dem zugrunde? Das M\u00e4rchen gibt darauf Antwort: eine uners\u00e4ttliche Gier ver\u00e4ndert das Klima dramatisch.<\/p>\n\n\n\n<p><strong>Arm und Reich<\/strong> besch\u00e4ftigt sich mit der Entwicklung des geistigen Klimas von heute und greift dabei weit in die Menschheitsgeschichte zur\u00fcck. Etwa seit der Bronzezeit werden Menschen von einem Mangelbewusstsein beherrscht, das sie auch in der F\u00fclle des Lebens nicht zufrieden sein l\u00e4sst: nie ist es genug, nie reicht es. Sie lassen sich immer wieder auf etwas hei\u00df machen, um darauf hinzufiebern: die aufgeheizte, \u00fcberhitzte Atmosph\u00e4re des Kapitalismus. Im St\u00fcck gibt es allerdings ein Happy End. <\/p>\n\n\n\n<p>Es h\u00e4ngt vom eigenen Bewusstsein ab, ob etwas als Mangel oder als F\u00fclle empfunden wird. Das eigene Bewusstsein ist vielleicht der einzige Bereich, den ein Mensch wirklich beeinflussen kann. Das geistige Klima l\u00e4sst sich \u00e4ndern. Vielleicht ist gerade auch ein inneres Abk\u00fchlen ein Beitrag zum Klimaschutz.<\/p>\n\n\n\n<p><\/p>\n\n\n\n<p><strong>Libretto<\/strong><\/p>\n\n\n\n<div class=\"wp-block-file\"><a href=\"https:\/\/simon-weiland.de\/wp-content\/uploads\/2023\/02\/Arm-und-Reich.docx\">Arm-und-Reich<\/a><a href=\"https:\/\/simon-weiland.de\/wp-content\/uploads\/2023\/02\/Arm-und-Reich.docx\" class=\"wp-block-file__button\" download>Herunterladen<\/a><\/div>\n\n\n\n<p><strong>Credits<\/strong><\/p>\n\n\n\n<p>Urauff\u00fchrung: 09.12.2018 im K9 Konstanz<br>Text und Musik \u00a9 2021 by Simon Weiland, au\u00dfer:<\/p>\n\n\n\n<p>Von dem Fischer und syner Fru &#8211; Ausz\u00fcge (Br\u00fcder Grimm KHM 19)<br>Lukas 5, 1 \u2013 11 (Die Bibel)<br>Willst du immer weiter schweifen (Text: Johann Wolfgang von Goethe \/ Musik: Joseph Haydn)<\/p>\n\n\n\n<p>Literatur<\/p>\n\n\n\n<p>Caspers, Claus: Inneres statt \u00e4u\u00dferes Wachstum<br>Harari, Yuval Noah: Eine kurze Geschichte der Menschheit<br>Seghezzi, Ursula: Macht. Geschichte. Sinn. <\/p>\n\n\n\n<p>Mit Unterst\u00fctzung des Kulturamts der Stadt Konstanz<\/p>\n","protected":false},"excerpt":{"rendered":"<p>Vom Fischer und keiner Frau Eine Adaption des M\u00e4rchens &#8222;Vom Fischer und seiner Frau&#8220;. Im Gegensatz zum M\u00e4rchen gibt dieses St\u00fcck nicht der Frau die Schuld an den Krisen von heute. Vielmehr ist es gerade das Fehlen des Weiblichen in der patriarchalen Welt, das dazu f\u00fchrt, dass Hierarchien, Kriege und schlie\u00dflich Imperien entstehen, die nie &hellip; <\/p>\n<p class=\"link-more\"><a href=\"https:\/\/simon-weiland.de\/?page_id=1402\" class=\"more-link\"><span class=\"screen-reader-text\">\u201eArm und Reich\u201c<\/span> weiterlesen<\/a><\/p>\n","protected":false},"author":1,"featured_media":0,"parent":0,"menu_order":0,"comment_status":"closed","ping_status":"closed","template":"","meta":[],"_links":{"self":[{"href":"https:\/\/simon-weiland.de\/index.php?rest_route=\/wp\/v2\/pages\/1402"}],"collection":[{"href":"https:\/\/simon-weiland.de\/index.php?rest_route=\/wp\/v2\/pages"}],"about":[{"href":"https:\/\/simon-weiland.de\/index.php?rest_route=\/wp\/v2\/types\/page"}],"author":[{"embeddable":true,"href":"https:\/\/simon-weiland.de\/index.php?rest_route=\/wp\/v2\/users\/1"}],"replies":[{"embeddable":true,"href":"https:\/\/simon-weiland.de\/index.php?rest_route=%2Fwp%2Fv2%2Fcomments&post=1402"}],"version-history":[{"count":10,"href":"https:\/\/simon-weiland.de\/index.php?rest_route=\/wp\/v2\/pages\/1402\/revisions"}],"predecessor-version":[{"id":1900,"href":"https:\/\/simon-weiland.de\/index.php?rest_route=\/wp\/v2\/pages\/1402\/revisions\/1900"}],"wp:attachment":[{"href":"https:\/\/simon-weiland.de\/index.php?rest_route=%2Fwp%2Fv2%2Fmedia&parent=1402"}],"curies":[{"name":"wp","href":"https:\/\/api.w.org\/{rel}","templated":true}]}}

<p><strong>Vom Fischer und keiner Frau</strong></p>



<p>Eine Adaption des Märchens &#8222;Vom Fischer und seiner Frau&#8220;. Im Gegensatz zum Märchen gibt dieses Stück nicht der Frau die Schuld an den Krisen von heute. Vielmehr ist es gerade das Fehlen des Weiblichen in der patriarchalen Welt, das dazu führt, dass Hierarchien, Kriege und schließlich Imperien entstehen, die nie genug kriegen.</p>



<p><strong>Das geistige Klima</strong></p>



<p>Im Märchen wird das Wetter durch die ständige Expansion immer extremer. Welches geistige Klima liegt dem zugrunde? Das Märchen gibt darauf Antwort: eine unersättliche Gier verändert das Klima dramatisch.</p>



<p><strong>Arm und Reich</strong> beschäftigt sich mit der Entwicklung des geistigen Klimas von heute und greift dabei weit in die Menschheitsgeschichte zurück. Etwa seit der Bronzezeit werden Menschen von einem Mangelbewusstsein beherrscht, das sie auch in der Fülle des Lebens nicht zufrieden sein lässt: nie ist es genug, nie reicht es. Sie lassen sich immer wieder auf etwas heiß machen, um darauf hinzufiebern: die aufgeheizte, überhitzte Atmosphäre des Kapitalismus. Im Stück gibt es allerdings ein Happy End. </p>



<p>Es hängt vom eigenen Bewusstsein ab, ob etwas als Mangel oder als Fülle empfunden wird. Das eigene Bewusstsein ist vielleicht der einzige Bereich, den ein Mensch wirklich beeinflussen kann. Das geistige Klima lässt sich ändern. Vielleicht ist gerade auch ein inneres Abkühlen ein Beitrag zum Klimaschutz.</p>



<p></p>



<p><strong>Libretto</strong></p>



<div class="wp-block-file"><a href="https://simon-weiland.de/wp-content/uploads/2023/02/Arm-und-Reich.docx">Arm-und-Reich</a><a href="https://simon-weiland.de/wp-content/uploads/2023/02/Arm-und-Reich.docx" class="wp-block-file__button" download>Herunterladen</a></div>



<p><strong>Credits</strong></p>



<p>Uraufführung: 09.12.2018 im K9 Konstanz<br>Text und Musik © 2021 by Simon Weiland, außer:</p>



<p>Von dem Fischer und syner Fru &#8211; Auszüge (Brüder Grimm KHM 19)<br>Lukas 5, 1 – 11 (Die Bibel)<br>Willst du immer weiter schweifen (Text: Johann Wolfgang von Goethe / Musik: Joseph Haydn)</p>



<p>Literatur</p>



<p>Caspers, Claus: Inneres statt äußeres Wachstum<br>Harari, Yuval Noah: Eine kurze Geschichte der Menschheit<br>Seghezzi, Ursula: Macht. Geschichte. Sinn. </p>



<p>Mit Unterstützung des Kulturamts der Stadt Konstanz</p>

<p>Vom Fischer und keiner Frau Eine Adaption des Märchens &#8222;Vom Fischer und seiner Frau&#8220;. Im Gegensatz zum Märchen gibt dieses Stück nicht der Frau die Schuld an den Krisen von heute. Vielmehr ist es gerade das Fehlen des Weiblichen in der patriarchalen Welt, das dazu führt, dass Hierarchien, Kriege und schließlich Imperien entstehen, die nie &hellip; </p>
<p class="link-more"><a href="https://simon-weiland.de/?page_id=1402" class="more-link"><span class="screen-reader-text">„Arm und Reich“</span> weiterlesen</a></p>
