{"id":1992,"date":"2026-01-10T06:34:53","date_gmt":"2026-01-10T06:34:53","guid":{"rendered":"https:\/\/simon-weiland.de\/?page_id=1992"},"modified":"2026-02-09T20:05:20","modified_gmt":"2026-02-09T20:05:20","slug":"ins-blaue","status":"publish","type":"page","link":"https:\/\/simon-weiland.de\/?page_id=1992","title":{"rendered":"Ins Blaue"},"content":{"rendered":"\n<figure class=\"wp-block-image size-large is-resized\"><img loading=\"lazy\" src=\"https:\/\/simon-weiland.de\/wp-content\/uploads\/2026\/02\/Ins-Blaue-5-724x1024.jpg\" alt=\"\" class=\"wp-image-2062\" width=\"308\" height=\"435\" srcset=\"https:\/\/simon-weiland.de\/wp-content\/uploads\/2026\/02\/Ins-Blaue-5-724x1024.jpg 724w, https:\/\/simon-weiland.de\/wp-content\/uploads\/2026\/02\/Ins-Blaue-5-212x300.jpg 212w, https:\/\/simon-weiland.de\/wp-content\/uploads\/2026\/02\/Ins-Blaue-5-768x1086.jpg 768w, https:\/\/simon-weiland.de\/wp-content\/uploads\/2026\/02\/Ins-Blaue-5-1086x1536.jpg 1086w, https:\/\/simon-weiland.de\/wp-content\/uploads\/2026\/02\/Ins-Blaue-5-1448x2048.jpg 1448w, https:\/\/simon-weiland.de\/wp-content\/uploads\/2026\/02\/Ins-Blaue-5.jpg 1754w\" sizes=\"(max-width: 308px) 100vw, 308px\" \/><\/figure>\n\n\n\n<p><strong>Premiere 17. Mai 2026<\/strong><\/p>\n\n\n\n<p>Ein Konzert wie ein Gem\u00e4lde in Blau. Simon spielt den Blues. In Zeiten, wo Fakt und Fake kaum zu unterscheiden sind, stellt er eine schlichte Frage: k\u00f6nnen wir durch Einfachheit und Urspr\u00fcnglichkeit den Herausforderungen der digitalen Revolution begegnen? Ein Mann und seine Gitarre: Simon nimmt das Publikum auf eine Reise in den Blues mit. Es ist eine Fahrt ins Blaue: eine Zukunft, in der es f\u00fcr den blauen Planeten Hoffnung gibt, denn Blau ist nicht nur die Farbe des Blues sondern auch des Himmels.<\/p>\n\n\n\n<figure class=\"wp-block-image size-large\"><img loading=\"lazy\" width=\"1024\" height=\"576\" src=\"https:\/\/simon-weiland.de\/wp-content\/uploads\/2026\/01\/blue-lotus-10006684_1920-1024x576.jpg\" alt=\"\" class=\"wp-image-2051\" srcset=\"https:\/\/simon-weiland.de\/wp-content\/uploads\/2026\/01\/blue-lotus-10006684_1920-1024x576.jpg 1024w, https:\/\/simon-weiland.de\/wp-content\/uploads\/2026\/01\/blue-lotus-10006684_1920-300x169.jpg 300w, https:\/\/simon-weiland.de\/wp-content\/uploads\/2026\/01\/blue-lotus-10006684_1920-768x432.jpg 768w, https:\/\/simon-weiland.de\/wp-content\/uploads\/2026\/01\/blue-lotus-10006684_1920-1536x864.jpg 1536w, https:\/\/simon-weiland.de\/wp-content\/uploads\/2026\/01\/blue-lotus-10006684_1920.jpg 1920w\" sizes=\"(max-width: 767px) 89vw, (max-width: 1000px) 54vw, (max-width: 1071px) 543px, 580px\" \/><figcaption>Copyright: PhotoBloom<\/figcaption><\/figure>\n\n\n\n<p><strong>Die blaue Blume<\/strong><\/p>\n\n\n\n<p>Der Beginn des 19. Jahrhunderts gilt als die Epoche der Romantik. Im Symbol der blauen Blume suchten Dichter wie Novalis und Eichendorff eine Welt im Einklang mit der Natur, konnten sie aber nicht finden. Diese Zeit stand unter Schock. Die Menschen kamen den gewaltigen Umw\u00e4lzungen der damaligen industriellen Revolution kaum hinterher. Das ist der heutigen Zeit nicht un\u00e4hnlich. Auch wir erleben mit der digitalen Revolution einen rasanten Umbruch ungeahnten Ausma\u00dfes. Aber vielleicht k\u00f6nnen wir die blaue Blume heute finden, gerade und erst recht in Zeiten von Fake News und K\u00fcnstlicher Intelligenz. Machen wir uns auf zu einer Fahrt ins Blaue: eine Reise in den Blues.<\/p>\n","protected":false},"excerpt":{"rendered":"<p>Premiere 17. Mai 2026 Ein Konzert wie ein Gem\u00e4lde in Blau. Simon spielt den Blues. In Zeiten, wo Fakt und Fake kaum zu unterscheiden sind, stellt er eine schlichte Frage: k\u00f6nnen wir durch Einfachheit und Urspr\u00fcnglichkeit den Herausforderungen der digitalen Revolution begegnen? Ein Mann und seine Gitarre: Simon nimmt das Publikum auf eine Reise in &hellip; <\/p>\n<p class=\"link-more\"><a href=\"https:\/\/simon-weiland.de\/?page_id=1992\" class=\"more-link\"><span class=\"screen-reader-text\">\u201eIns Blaue\u201c<\/span> weiterlesen<\/a><\/p>\n","protected":false},"author":1,"featured_media":0,"parent":0,"menu_order":0,"comment_status":"closed","ping_status":"closed","template":"","meta":[],"_links":{"self":[{"href":"https:\/\/simon-weiland.de\/index.php?rest_route=\/wp\/v2\/pages\/1992"}],"collection":[{"href":"https:\/\/simon-weiland.de\/index.php?rest_route=\/wp\/v2\/pages"}],"about":[{"href":"https:\/\/simon-weiland.de\/index.php?rest_route=\/wp\/v2\/types\/page"}],"author":[{"embeddable":true,"href":"https:\/\/simon-weiland.de\/index.php?rest_route=\/wp\/v2\/users\/1"}],"replies":[{"embeddable":true,"href":"https:\/\/simon-weiland.de\/index.php?rest_route=%2Fwp%2Fv2%2Fcomments&post=1992"}],"version-history":[{"count":13,"href":"https:\/\/simon-weiland.de\/index.php?rest_route=\/wp\/v2\/pages\/1992\/revisions"}],"predecessor-version":[{"id":2068,"href":"https:\/\/simon-weiland.de\/index.php?rest_route=\/wp\/v2\/pages\/1992\/revisions\/2068"}],"wp:attachment":[{"href":"https:\/\/simon-weiland.de\/index.php?rest_route=%2Fwp%2Fv2%2Fmedia&parent=1992"}],"curies":[{"name":"wp","href":"https:\/\/api.w.org\/{rel}","templated":true}]}}