{"id":1998,"date":"2026-01-10T06:44:51","date_gmt":"2026-01-10T06:44:51","guid":{"rendered":"https:\/\/simon-weiland.de\/?page_id=1998"},"modified":"2026-02-28T18:51:30","modified_gmt":"2026-02-28T18:51:30","slug":"sternentrilogie","status":"publish","type":"page","link":"https:\/\/simon-weiland.de\/?page_id=1998","title":{"rendered":"Sternentrilogie"},"content":{"rendered":"\n<p>Nach den Sternen greifen. Drei Performances \u00fcber den spirituellen Boden des modernen Menschen. Jedes St\u00fcck steht f\u00fcr sich.<\/p>\n\n\n\n<p><strong>Die Wunderlampe<\/strong> zeigt, dass wir trotz aller Entfremdung durch patriarchale Machtstrukturen (bis hin zur Anbetung von Maschinen!) durchaus noch Verbindung zu den vitalen Wurzeln des Lebens haben. <a href=\"https:\/\/simon-weiland.de\/?page_id=27\">hier<\/a><\/p>\n\n\n\n<p><strong>Tr\u00e4ume<\/strong> handelt vom Wunder dieser unbewussten Prozesse, ohne die wir gar nicht leben k\u00f6nnten. Dies reicht bis ins Geistige: im Traum gibt es weder Zeit noch Raum. Das Sch\u00f6pferische kommt aus einer anderen Dimension. <a href=\"https:\/\/simon-weiland.de\/?page_id=476\">hier<\/a><\/p>\n\n\n\n<p><strong>Die Sterntaler<\/strong> f\u00fchrt noch tiefer in diese transzendente Welt: das nackte Leben, der sichere Tod. Und dann? Die Seele lebt im Sch\u00f6pferischen. Nicht nur das Sein ist ewig, sondern auch das Werden. <a href=\"https:\/\/simon-weiland.de\/?page_id=780\">hier<\/a><\/p>\n\n\n\n<p><a href=\"https:\/\/simon-weiland.de\/wp-content\/uploads\/2023\/12\/Suedkurier-Sternentrilogie-27.09.23.pdf\">S\u00fcdkurier-Sternentrilogie-27.09.23<\/a><\/p>\n","protected":false},"excerpt":{"rendered":"<p>Nach den Sternen greifen. Drei Performances \u00fcber den spirituellen Boden des modernen Menschen. Jedes St\u00fcck steht f\u00fcr sich. Die Wunderlampe zeigt, dass wir trotz aller Entfremdung durch patriarchale Machtstrukturen (bis hin zur Anbetung von Maschinen!) durchaus noch Verbindung zu den vitalen Wurzeln des Lebens haben. hier Tr\u00e4ume handelt vom Wunder dieser unbewussten Prozesse, ohne die &hellip; <\/p>\n<p class=\"link-more\"><a href=\"https:\/\/simon-weiland.de\/?page_id=1998\" class=\"more-link\"><span class=\"screen-reader-text\">\u201eSternentrilogie\u201c<\/span> weiterlesen<\/a><\/p>\n","protected":false},"author":1,"featured_media":0,"parent":0,"menu_order":0,"comment_status":"closed","ping_status":"closed","template":"","meta":[],"_links":{"self":[{"href":"https:\/\/simon-weiland.de\/index.php?rest_route=\/wp\/v2\/pages\/1998"}],"collection":[{"href":"https:\/\/simon-weiland.de\/index.php?rest_route=\/wp\/v2\/pages"}],"about":[{"href":"https:\/\/simon-weiland.de\/index.php?rest_route=\/wp\/v2\/types\/page"}],"author":[{"embeddable":true,"href":"https:\/\/simon-weiland.de\/index.php?rest_route=\/wp\/v2\/users\/1"}],"replies":[{"embeddable":true,"href":"https:\/\/simon-weiland.de\/index.php?rest_route=%2Fwp%2Fv2%2Fcomments&post=1998"}],"version-history":[{"count":2,"href":"https:\/\/simon-weiland.de\/index.php?rest_route=\/wp\/v2\/pages\/1998\/revisions"}],"predecessor-version":[{"id":2109,"href":"https:\/\/simon-weiland.de\/index.php?rest_route=\/wp\/v2\/pages\/1998\/revisions\/2109"}],"wp:attachment":[{"href":"https:\/\/simon-weiland.de\/index.php?rest_route=%2Fwp%2Fv2%2Fmedia&parent=1998"}],"curies":[{"name":"wp","href":"https:\/\/api.w.org\/{rel}","templated":true}]}}