{"id":476,"date":"2021-01-26T07:17:23","date_gmt":"2021-01-26T07:17:23","guid":{"rendered":"https:\/\/simon-weiland.de\/?page_id=476"},"modified":"2025-05-25T07:33:48","modified_gmt":"2025-05-25T07:33:48","slug":"traeume","status":"publish","type":"page","link":"https:\/\/simon-weiland.de\/?page_id=476","title":{"rendered":"Tr\u00e4ume"},"content":{"rendered":"\n<p>Sternentrilogie Teil 2 <\/p>\n\n\n\n<figure class=\"wp-block-embed is-type-video is-provider-youtube wp-block-embed-youtube wp-embed-aspect-16-9 wp-has-aspect-ratio\"><div class=\"wp-block-embed__wrapper\">\n<iframe title=\"Simon Weiland: Tr\u00e4ume (Trailer)\" width=\"525\" height=\"295\" src=\"https:\/\/www.youtube.com\/embed\/6ZI35Z6X-YI?feature=oembed\" frameborder=\"0\" allow=\"accelerometer; autoplay; clipboard-write; encrypted-media; gyroscope; picture-in-picture; web-share\" referrerpolicy=\"strict-origin-when-cross-origin\" allowfullscreen><\/iframe>\n<\/div><\/figure>\n\n\n\n<p>Trailer<\/p>\n\n\n\n<p>\u201e<em>Der Traum ist eine kleine, verborgene T\u00fcr im Allerheiligsten der Seele, die in die Urgr\u00fcnde der kosmischen Nacht f\u00fchrt.\u201c<\/em> (C.G.Jung) <\/p>\n\n\n\n<p><br><strong>Mehr Info zur Performance<\/strong> <a href=\"https:\/\/simon-weiland.de\/?page_id=1384\">hier<\/a><\/p>\n\n\n\n<p><strong>Presse<\/strong> <\/p>\n\n\n\n<div class=\"wp-block-file\"><a href=\"https:\/\/simon-weiland.de\/wp-content\/uploads\/2021\/09\/Warum-Traeume-wichtig-fuer-das-Bewusstsein-sind.pdf\">S\u00fcdkurier 16.09.21<\/a><a href=\"https:\/\/simon-weiland.de\/wp-content\/uploads\/2021\/09\/Warum-Traeume-wichtig-fuer-das-Bewusstsein-sind.pdf\" class=\"wp-block-file__button\" download>Herunterladen<\/a><\/div>\n\n\n\n<p><strong>Video der kompletten Performance<\/strong> <a href=\"https:\/\/www.youtube.com\/watch?v=NH9KQJ3JSXM\">hier<\/a><br><\/p>\n\n\n\n<p><br><\/p>\n","protected":false},"excerpt":{"rendered":"<p>Sternentrilogie Teil 2 Trailer \u201eDer Traum ist eine kleine, verborgene T\u00fcr im Allerheiligsten der Seele, die in die Urgr\u00fcnde der kosmischen Nacht f\u00fchrt.\u201c (C.G.Jung) Mehr Info zur Performance hier Presse Video der kompletten Performance hier<\/p>\n","protected":false},"author":1,"featured_media":0,"parent":0,"menu_order":0,"comment_status":"closed","ping_status":"closed","template":"","meta":[],"_links":{"self":[{"href":"https:\/\/simon-weiland.de\/index.php?rest_route=\/wp\/v2\/pages\/476"}],"collection":[{"href":"https:\/\/simon-weiland.de\/index.php?rest_route=\/wp\/v2\/pages"}],"about":[{"href":"https:\/\/simon-weiland.de\/index.php?rest_route=\/wp\/v2\/types\/page"}],"author":[{"embeddable":true,"href":"https:\/\/simon-weiland.de\/index.php?rest_route=\/wp\/v2\/users\/1"}],"replies":[{"embeddable":true,"href":"https:\/\/simon-weiland.de\/index.php?rest_route=%2Fwp%2Fv2%2Fcomments&post=476"}],"version-history":[{"count":135,"href":"https:\/\/simon-weiland.de\/index.php?rest_route=\/wp\/v2\/pages\/476\/revisions"}],"predecessor-version":[{"id":1892,"href":"https:\/\/simon-weiland.de\/index.php?rest_route=\/wp\/v2\/pages\/476\/revisions\/1892"}],"wp:attachment":[{"href":"https:\/\/simon-weiland.de\/index.php?rest_route=%2Fwp%2Fv2%2Fmedia&parent=476"}],"curies":[{"name":"wp","href":"https:\/\/api.w.org\/{rel}","templated":true}]}}

Träume

<p>Sternentrilogie Teil 2 </p>



<figure class="wp-block-embed is-type-video is-provider-youtube wp-block-embed-youtube wp-embed-aspect-16-9 wp-has-aspect-ratio"><div class="wp-block-embed__wrapper">
<iframe title="Simon Weiland: Träume (Trailer)" width="525" height="295" src="https://www.youtube.com/embed/6ZI35Z6X-YI?feature=oembed" frameborder="0" allow="accelerometer; autoplay; clipboard-write; encrypted-media; gyroscope; picture-in-picture; web-share" referrerpolicy="strict-origin-when-cross-origin" allowfullscreen></iframe>
</div></figure>



<p>Trailer</p>



<p>„<em>Der Traum ist eine kleine, verborgene Tür im Allerheiligsten der Seele, die in die Urgründe der kosmischen Nacht führt.“</em> (C.G.Jung) </p>



<p><br><strong>Mehr Info zur Performance</strong> <a href="https://simon-weiland.de/?page_id=1384">hier</a></p>



<p><strong>Presse</strong> </p>



<div class="wp-block-file"><a href="https://simon-weiland.de/wp-content/uploads/2021/09/Warum-Traeume-wichtig-fuer-das-Bewusstsein-sind.pdf">Südkurier 16.09.21</a><a href="https://simon-weiland.de/wp-content/uploads/2021/09/Warum-Traeume-wichtig-fuer-das-Bewusstsein-sind.pdf" class="wp-block-file__button" download>Herunterladen</a></div>



<p><strong>Video der kompletten Performance</strong> <a href="https://www.youtube.com/watch?v=NH9KQJ3JSXM">hier</a><br></p>



<p><br></p>

<p>Sternentrilogie Teil 2 Trailer „Der Traum ist eine kleine, verborgene Tür im Allerheiligsten der Seele, die in die Urgründe der kosmischen Nacht führt.“ (C.G.Jung) Mehr Info zur Performance hier Presse Video der kompletten Performance hier</p>
