{"id":49,"date":"2021-01-16T17:06:19","date_gmt":"2021-01-16T17:06:19","guid":{"rendered":"https:\/\/simon-weiland.de\/?page_id=49"},"modified":"2026-04-30T06:58:17","modified_gmt":"2026-04-30T06:58:17","slug":"person","status":"publish","type":"page","link":"https:\/\/simon-weiland.de\/?page_id=49","title":{"rendered":"Einst"},"content":{"rendered":"\n<div class=\"wp-block-file\"><a href=\"https:\/\/simon-weiland.de\/wp-content\/uploads\/2026\/04\/Vergangene-Auftritte-3.docx\">Vergangene Auftritte<\/a><a href=\"https:\/\/simon-weiland.de\/wp-content\/uploads\/2026\/04\/Vergangene-Auftritte-3.docx\" class=\"wp-block-file__button\" download>Herunterladen<\/a><\/div>\n\n\n\n<p><br>Hier sind Fotos vom Musiktheater, Arbeiten aus den 80ern \/ 90ern und ein geplantes Projekt.  <br><\/p>\n\n\n\n<figure class=\"wp-block-gallery columns-3 is-cropped\"><ul class=\"blocks-gallery-grid\"><li class=\"blocks-gallery-item\"><figure><img loading=\"lazy\" width=\"712\" height=\"778\" src=\"https:\/\/simon-weiland.de\/wp-content\/uploads\/2023\/02\/Traeume-Diana-1.jpg\" alt=\"\" data-id=\"1238\" data-link=\"https:\/\/simon-weiland.de\/?attachment_id=1238\" class=\"wp-image-1238\" srcset=\"https:\/\/simon-weiland.de\/wp-content\/uploads\/2023\/02\/Traeume-Diana-1.jpg 712w, https:\/\/simon-weiland.de\/wp-content\/uploads\/2023\/02\/Traeume-Diana-1-275x300.jpg 275w\" sizes=\"(max-width: 712px) 100vw, 712px\" \/><figcaption class=\"blocks-gallery-item__caption\">K9 Konstanz<\/figcaption><\/figure><\/li><li class=\"blocks-gallery-item\"><figure><img loading=\"lazy\" width=\"1024\" height=\"768\" src=\"https:\/\/simon-weiland.de\/wp-content\/uploads\/2023\/02\/GIRX6916-1024x768.jpg\" alt=\"\" data-id=\"1239\" data-link=\"https:\/\/simon-weiland.de\/?attachment_id=1239\" class=\"wp-image-1239\" srcset=\"https:\/\/simon-weiland.de\/wp-content\/uploads\/2023\/02\/GIRX6916-1024x768.jpg 1024w, https:\/\/simon-weiland.de\/wp-content\/uploads\/2023\/02\/GIRX6916-300x225.jpg 300w, https:\/\/simon-weiland.de\/wp-content\/uploads\/2023\/02\/GIRX6916-768x576.jpg 768w, https:\/\/simon-weiland.de\/wp-content\/uploads\/2023\/02\/GIRX6916-1536x1152.jpg 1536w, https:\/\/simon-weiland.de\/wp-content\/uploads\/2023\/02\/GIRX6916.jpg 1600w\" sizes=\"(max-width: 767px) 89vw, (max-width: 1000px) 54vw, (max-width: 1071px) 543px, 580px\" \/><figcaption class=\"blocks-gallery-item__caption\">Schloss Blumenfeld<\/figcaption><\/figure><\/li><li class=\"blocks-gallery-item\"><figure><img loading=\"lazy\" width=\"480\" height=\"640\" src=\"https:\/\/simon-weiland.de\/wp-content\/uploads\/2021\/01\/IMG_9280-rotated.jpg\" alt=\"\" data-id=\"87\" data-link=\"https:\/\/simon-weiland.de\/?attachment_id=87\" class=\"wp-image-87\" srcset=\"https:\/\/simon-weiland.de\/wp-content\/uploads\/2021\/01\/IMG_9280-rotated.jpg 480w, https:\/\/simon-weiland.de\/wp-content\/uploads\/2021\/01\/IMG_9280-225x300.jpg 225w\" sizes=\"(max-width: 480px) 100vw, 480px\" \/><figcaption class=\"blocks-gallery-item__caption\">ars musica M\u00fcnchen<\/figcaption><\/figure><\/li><li class=\"blocks-gallery-item\"><figure><img loading=\"lazy\" width=\"1024\" height=\"683\" src=\"https:\/\/simon-weiland.de\/wp-content\/uploads\/2021\/01\/047-1024x683.jpg\" alt=\"\" data-id=\"88\" data-link=\"https:\/\/simon-weiland.de\/?attachment_id=88\" class=\"wp-image-88\" srcset=\"https:\/\/simon-weiland.de\/wp-content\/uploads\/2021\/01\/047-1024x683.jpg 1024w, https:\/\/simon-weiland.de\/wp-content\/uploads\/2021\/01\/047-300x200.jpg 300w, https:\/\/simon-weiland.de\/wp-content\/uploads\/2021\/01\/047-768x512.jpg 768w, https:\/\/simon-weiland.de\/wp-content\/uploads\/2021\/01\/047-2048x1365.jpg 2048w\" sizes=\"(max-width: 767px) 89vw, (max-width: 1000px) 54vw, (max-width: 1071px) 543px, 580px\" \/><figcaption class=\"blocks-gallery-item__caption\">B\u00fccher am Markt Stockach<\/figcaption><\/figure><\/li><li class=\"blocks-gallery-item\"><figure><img loading=\"lazy\" width=\"768\" height=\"1024\" src=\"https:\/\/simon-weiland.de\/wp-content\/uploads\/2021\/01\/IMG_3030-768x1024.jpg\" alt=\"\" data-id=\"91\" data-link=\"https:\/\/simon-weiland.de\/?attachment_id=91\" class=\"wp-image-91\" srcset=\"https:\/\/simon-weiland.de\/wp-content\/uploads\/2021\/01\/IMG_3030-768x1024.jpg 768w, https:\/\/simon-weiland.de\/wp-content\/uploads\/2021\/01\/IMG_3030-225x300.jpg 225w, https:\/\/simon-weiland.de\/wp-content\/uploads\/2021\/01\/IMG_3030-1152x1536.jpg 1152w, https:\/\/simon-weiland.de\/wp-content\/uploads\/2021\/01\/IMG_3030-1536x2048.jpg 1536w, https:\/\/simon-weiland.de\/wp-content\/uploads\/2021\/01\/IMG_3030-scaled.jpg 1920w\" sizes=\"(max-width: 767px) 89vw, (max-width: 1000px) 54vw, (max-width: 1071px) 543px, 580px\" \/><figcaption class=\"blocks-gallery-item__caption\">Lutherkirche Konstanz<\/figcaption><\/figure><\/li><li class=\"blocks-gallery-item\"><figure><img loading=\"lazy\" width=\"1024\" height=\"681\" src=\"https:\/\/simon-weiland.de\/wp-content\/uploads\/2021\/01\/Pressefoto-diesseits-jenseits-1024x681.jpg\" alt=\"\" data-id=\"98\" data-link=\"https:\/\/simon-weiland.de\/?attachment_id=98\" class=\"wp-image-98\" srcset=\"https:\/\/simon-weiland.de\/wp-content\/uploads\/2021\/01\/Pressefoto-diesseits-jenseits-1024x681.jpg 1024w, https:\/\/simon-weiland.de\/wp-content\/uploads\/2021\/01\/Pressefoto-diesseits-jenseits-300x199.jpg 300w, https:\/\/simon-weiland.de\/wp-content\/uploads\/2021\/01\/Pressefoto-diesseits-jenseits-768x511.jpg 768w, https:\/\/simon-weiland.de\/wp-content\/uploads\/2021\/01\/Pressefoto-diesseits-jenseits-1536x1021.jpg 1536w, https:\/\/simon-weiland.de\/wp-content\/uploads\/2021\/01\/Pressefoto-diesseits-jenseits.jpg 1772w\" sizes=\"(max-width: 767px) 89vw, (max-width: 1000px) 54vw, (max-width: 1071px) 543px, 580px\" \/><figcaption class=\"blocks-gallery-item__caption\">Grimm Museum Steinau<\/figcaption><\/figure><\/li><li class=\"blocks-gallery-item\"><figure><img loading=\"lazy\" width=\"1707\" height=\"2560\" src=\"https:\/\/simon-weiland.de\/wp-content\/uploads\/2021\/01\/simon-Weiland-0781-scaled.jpg\" alt=\"\" data-id=\"206\" data-link=\"https:\/\/simon-weiland.de\/?attachment_id=206\" class=\"wp-image-206\" srcset=\"https:\/\/simon-weiland.de\/wp-content\/uploads\/2021\/01\/simon-Weiland-0781-scaled.jpg 1707w, https:\/\/simon-weiland.de\/wp-content\/uploads\/2021\/01\/simon-Weiland-0781-200x300.jpg 200w, https:\/\/simon-weiland.de\/wp-content\/uploads\/2021\/01\/simon-Weiland-0781-1365x2048.jpg 1365w\" sizes=\"(max-width: 767px) 89vw, (max-width: 1000px) 54vw, (max-width: 1071px) 543px, 580px\" \/><figcaption class=\"blocks-gallery-item__caption\">K9 Konstanz<\/figcaption><\/figure><\/li><li class=\"blocks-gallery-item\"><figure><img loading=\"lazy\" width=\"657\" height=\"1024\" src=\"https:\/\/simon-weiland.de\/wp-content\/uploads\/2023\/02\/Litzelstetten-080919-geschnitten-657x1024.jpg\" alt=\"\" data-id=\"1463\" data-link=\"https:\/\/simon-weiland.de\/?attachment_id=1463\" class=\"wp-image-1463\" srcset=\"https:\/\/simon-weiland.de\/wp-content\/uploads\/2023\/02\/Litzelstetten-080919-geschnitten-657x1024.jpg 657w, https:\/\/simon-weiland.de\/wp-content\/uploads\/2023\/02\/Litzelstetten-080919-geschnitten-193x300.jpg 193w, https:\/\/simon-weiland.de\/wp-content\/uploads\/2023\/02\/Litzelstetten-080919-geschnitten.jpg 676w\" sizes=\"(max-width: 657px) 100vw, 657px\" \/><figcaption class=\"blocks-gallery-item__caption\">H\u00f6rspielkirche Sipplingen<\/figcaption><\/figure><\/li><li class=\"blocks-gallery-item\"><figure><img loading=\"lazy\" width=\"1024\" height=\"1024\" src=\"https:\/\/simon-weiland.de\/wp-content\/uploads\/2023\/02\/180406-Simon-Weiland-7-1024x1024.jpg\" alt=\"\" data-id=\"1453\" data-link=\"https:\/\/simon-weiland.de\/?attachment_id=1453\" class=\"wp-image-1453\" srcset=\"https:\/\/simon-weiland.de\/wp-content\/uploads\/2023\/02\/180406-Simon-Weiland-7-1024x1024.jpg 1024w, https:\/\/simon-weiland.de\/wp-content\/uploads\/2023\/02\/180406-Simon-Weiland-7-300x300.jpg 300w, https:\/\/simon-weiland.de\/wp-content\/uploads\/2023\/02\/180406-Simon-Weiland-7-150x150.jpg 150w, https:\/\/simon-weiland.de\/wp-content\/uploads\/2023\/02\/180406-Simon-Weiland-7-768x768.jpg 768w, https:\/\/simon-weiland.de\/wp-content\/uploads\/2023\/02\/180406-Simon-Weiland-7-1536x1536.jpg 1536w, https:\/\/simon-weiland.de\/wp-content\/uploads\/2023\/02\/180406-Simon-Weiland-7-2048x2048.jpg 2048w, https:\/\/simon-weiland.de\/wp-content\/uploads\/2023\/02\/180406-Simon-Weiland-7-100x100.jpg 100w\" sizes=\"(max-width: 767px) 89vw, (max-width: 1000px) 54vw, (max-width: 1071px) 543px, 580px\" \/><figcaption class=\"blocks-gallery-item__caption\">Zimmerb\u00fchne Konstanz<\/figcaption><\/figure><\/li><li class=\"blocks-gallery-item\"><figure><img loading=\"lazy\" width=\"1024\" height=\"806\" src=\"https:\/\/simon-weiland.de\/wp-content\/uploads\/2023\/02\/KEFC7462.jpg\" alt=\"\" data-id=\"1456\" data-link=\"https:\/\/simon-weiland.de\/?attachment_id=1456\" class=\"wp-image-1456\" srcset=\"https:\/\/simon-weiland.de\/wp-content\/uploads\/2023\/02\/KEFC7462.jpg 1024w, https:\/\/simon-weiland.de\/wp-content\/uploads\/2023\/02\/KEFC7462-300x236.jpg 300w, https:\/\/simon-weiland.de\/wp-content\/uploads\/2023\/02\/KEFC7462-768x605.jpg 768w\" sizes=\"(max-width: 767px) 89vw, (max-width: 1000px) 54vw, (max-width: 1071px) 543px, 580px\" \/><figcaption class=\"blocks-gallery-item__caption\">CDC Radolfzell <\/figcaption><\/figure><\/li><li class=\"blocks-gallery-item\"><figure><img loading=\"lazy\" width=\"1024\" height=\"695\" src=\"https:\/\/simon-weiland.de\/wp-content\/uploads\/2023\/02\/DSCF0710-1024x695.jpg\" alt=\"\" data-id=\"1458\" data-link=\"https:\/\/simon-weiland.de\/?attachment_id=1458\" class=\"wp-image-1458\" srcset=\"https:\/\/simon-weiland.de\/wp-content\/uploads\/2023\/02\/DSCF0710-1024x695.jpg 1024w, https:\/\/simon-weiland.de\/wp-content\/uploads\/2023\/02\/DSCF0710-300x204.jpg 300w, https:\/\/simon-weiland.de\/wp-content\/uploads\/2023\/02\/DSCF0710-768x521.jpg 768w, https:\/\/simon-weiland.de\/wp-content\/uploads\/2023\/02\/DSCF0710-1536x1042.jpg 1536w, https:\/\/simon-weiland.de\/wp-content\/uploads\/2023\/02\/DSCF0710-2048x1389.jpg 2048w\" sizes=\"(max-width: 767px) 89vw, (max-width: 1000px) 54vw, (max-width: 1071px) 543px, 580px\" \/><figcaption class=\"blocks-gallery-item__caption\">K9 Konstanz<\/figcaption><\/figure><\/li><li class=\"blocks-gallery-item\"><figure><img loading=\"lazy\" width=\"959\" height=\"831\" src=\"https:\/\/simon-weiland.de\/wp-content\/uploads\/2023\/02\/Foto-Litzelstetten.jpg\" alt=\"\" data-id=\"1460\" data-link=\"https:\/\/simon-weiland.de\/?attachment_id=1460\" class=\"wp-image-1460\" srcset=\"https:\/\/simon-weiland.de\/wp-content\/uploads\/2023\/02\/Foto-Litzelstetten.jpg 959w, https:\/\/simon-weiland.de\/wp-content\/uploads\/2023\/02\/Foto-Litzelstetten-300x260.jpg 300w, https:\/\/simon-weiland.de\/wp-content\/uploads\/2023\/02\/Foto-Litzelstetten-768x665.jpg 768w\" sizes=\"(max-width: 767px) 89vw, (max-width: 1000px) 54vw, (max-width: 1071px) 543px, 580px\" \/><figcaption class=\"blocks-gallery-item__caption\">Auferstehungskirche Litzelstetten<\/figcaption><\/figure><\/li><li class=\"blocks-gallery-item\"><figure><img loading=\"lazy\" width=\"1024\" height=\"684\" src=\"https:\/\/simon-weiland.de\/wp-content\/uploads\/2023\/02\/Foto-Schaffhausen-1024x684.jpg\" alt=\"\" data-id=\"1493\" data-link=\"https:\/\/simon-weiland.de\/?attachment_id=1493\" class=\"wp-image-1493\" srcset=\"https:\/\/simon-weiland.de\/wp-content\/uploads\/2023\/02\/Foto-Schaffhausen-1024x684.jpg 1024w, https:\/\/simon-weiland.de\/wp-content\/uploads\/2023\/02\/Foto-Schaffhausen-300x200.jpg 300w, https:\/\/simon-weiland.de\/wp-content\/uploads\/2023\/02\/Foto-Schaffhausen-768x513.jpg 768w, https:\/\/simon-weiland.de\/wp-content\/uploads\/2023\/02\/Foto-Schaffhausen-1536x1025.jpg 1536w, https:\/\/simon-weiland.de\/wp-content\/uploads\/2023\/02\/Foto-Schaffhausen.jpg 2048w\" sizes=\"(max-width: 767px) 89vw, (max-width: 1000px) 54vw, (max-width: 1071px) 543px, 580px\" \/><figcaption class=\"blocks-gallery-item__caption\">M\u00e4rchensymposium Schaffhausen <\/figcaption><\/figure><\/li><li class=\"blocks-gallery-item\"><figure><img loading=\"lazy\" width=\"1024\" height=\"640\" src=\"https:\/\/simon-weiland.de\/wp-content\/uploads\/2023\/02\/Foto-Zeller-Kultur-1024x640.jpg\" alt=\"\" data-id=\"1494\" data-link=\"https:\/\/simon-weiland.de\/?attachment_id=1494\" class=\"wp-image-1494\" srcset=\"https:\/\/simon-weiland.de\/wp-content\/uploads\/2023\/02\/Foto-Zeller-Kultur-1024x640.jpg 1024w, https:\/\/simon-weiland.de\/wp-content\/uploads\/2023\/02\/Foto-Zeller-Kultur-300x188.jpg 300w, https:\/\/simon-weiland.de\/wp-content\/uploads\/2023\/02\/Foto-Zeller-Kultur-768x480.jpg 768w, https:\/\/simon-weiland.de\/wp-content\/uploads\/2023\/02\/Foto-Zeller-Kultur.jpg 1200w\" sizes=\"(max-width: 767px) 89vw, (max-width: 1000px) 54vw, (max-width: 1071px) 543px, 580px\" \/><figcaption class=\"blocks-gallery-item__caption\">Zeller Kultur Radolfzell<\/figcaption><\/figure><\/li><li class=\"blocks-gallery-item\"><figure><img loading=\"lazy\" width=\"598\" height=\"702\" src=\"https:\/\/simon-weiland.de\/wp-content\/uploads\/2023\/02\/Theatrium.jpg\" alt=\"\" data-id=\"1496\" data-full-url=\"https:\/\/simon-weiland.de\/wp-content\/uploads\/2023\/02\/Theatrium.jpg\" data-link=\"https:\/\/simon-weiland.de\/?attachment_id=1496\" class=\"wp-image-1496\" srcset=\"https:\/\/simon-weiland.de\/wp-content\/uploads\/2023\/02\/Theatrium.jpg 598w, https:\/\/simon-weiland.de\/wp-content\/uploads\/2023\/02\/Theatrium-256x300.jpg 256w\" sizes=\"(max-width: 598px) 100vw, 598px\" \/><figcaption class=\"blocks-gallery-item__caption\">Theatrium Steinau<\/figcaption><\/figure><\/li><\/ul><\/figure>\n\n\n\n<div class=\"wp-block-columns\">\n<div class=\"wp-block-column\" style=\"flex-basis:100%\">\n<div class=\"wp-block-columns\">\n<div class=\"wp-block-column\" style=\"flex-basis:100%\">\n<figure class=\"wp-block-image size-large is-resized\"><img loading=\"lazy\" src=\"https:\/\/simon-weiland.de\/wp-content\/uploads\/2021\/01\/20161103_102705-1024x614.jpg\" alt=\"\" class=\"wp-image-295\" width=\"247\" height=\"148\" srcset=\"https:\/\/simon-weiland.de\/wp-content\/uploads\/2021\/01\/20161103_102705-1024x614.jpg 1024w, https:\/\/simon-weiland.de\/wp-content\/uploads\/2021\/01\/20161103_102705-300x180.jpg 300w, https:\/\/simon-weiland.de\/wp-content\/uploads\/2021\/01\/20161103_102705-768x461.jpg 768w, https:\/\/simon-weiland.de\/wp-content\/uploads\/2021\/01\/20161103_102705-1536x922.jpg 1536w, https:\/\/simon-weiland.de\/wp-content\/uploads\/2021\/01\/20161103_102705-2048x1229.jpg 2048w, https:\/\/simon-weiland.de\/wp-content\/uploads\/2021\/01\/20161103_102705-2000x1200.jpg 2000w\" sizes=\"(max-width: 247px) 100vw, 247px\" \/><\/figure>\n\n\n\n<div class=\"wp-block-columns\">\n<div class=\"wp-block-column\" style=\"flex-basis:100%\">\n<div class=\"wp-block-columns\">\n<div class=\"wp-block-column\" style=\"flex-basis:100%\">\n<p>Die 3-CD-Box <strong>Leave Paradise <\/strong>aus dem Jahr 2016 mit H\u00f6rspielversionen von &#8222;Rotk\u00e4ppchen&#8220;, &#8222;H\u00e4nsel und Gretel&#8220; und &#8222;Der Froschk\u00f6nig&#8220;. Die Box ist inzwischen vergriffen, aber hier sind die Links:<\/p>\n\n\n\n<p><a href=\"https:\/\/www.youtube.com\/watch?v=19smtCW0nDI\">Rotk\u00e4ppchen<\/a><br><a href=\"https:\/\/www.youtube.com\/watch?v=0vMjmcuaweY\">H\u00e4nsel und Gretel<\/a><br><a href=\"https:\/\/www.youtube.com\/watch?v=lRMsDBfNiOA\">Der Froschk\u00f6nig<\/a><\/p>\n<\/div>\n<\/div>\n<\/div>\n<\/div>\n<\/div>\n<\/div>\n<\/div>\n<\/div>\n\n\n\n<h2 style=\"font-size:32px\">Einst (fr\u00fcher)<\/h2>\n\n\n\n<h2><strong>die sprache (1988 &#8211; 91)<\/strong><br><\/h2>\n\n\n\n<p><strong>die sprache<\/strong> war eine M\u00fcnchner Progressive Rock &#8211; Band:<br>Simon Weiland (Gesang \/ Bass) <br>Stefan Froschmeier (Schlagzeug) <br>Klaus Hasholzner (Saxophon \/ Klarinette)<br>Holger Vogt (Gitarre) <br>Bertand Hirl (Gitarre) <br>Reinhard Scheiler (Bass)<\/p>\n\n\n\n<div class=\"wp-block-file\"><a href=\"https:\/\/simon-weiland.de\/wp-content\/uploads\/2026\/03\/Der-Strom-der-Musik.mp3\"><strong>die sprache<\/strong>: der strom der musik <\/a><a href=\"https:\/\/simon-weiland.de\/wp-content\/uploads\/2026\/03\/Der-Strom-der-Musik.mp3\" class=\"wp-block-file__button\" download>Herunterladen<\/a><\/div>\n\n\n\n<p>Aus dem Zyklus &#8222;t\u00f6ne und farben&#8220; (1985). Aufnahme vom 09.04.1989 <\/p>\n\n\n\n<div class=\"wp-block-file\"><a href=\"https:\/\/simon-weiland.de\/wp-content\/uploads\/2026\/03\/Der-Mund-einer-Welt-1.mp3\"><strong>die sprache<\/strong>: der mund einer welt<\/a><a href=\"https:\/\/simon-weiland.de\/wp-content\/uploads\/2026\/03\/Der-Mund-einer-Welt-1.mp3\" class=\"wp-block-file__button\" download>Herunterladen<\/a><\/div>\n\n\n\n<p>Aus dem Zyklus &#8222;akt&#8220; (1987). Aufnahme vom 10.08.1989<\/p>\n\n\n\n<h2><strong>Gitarrenduo<\/strong> <strong>(1989 &#8211; 93)<\/strong><\/h2>\n\n\n\n<div class=\"wp-block-columns\">\n<div class=\"wp-block-column\"><\/div>\n\n\n\n<div class=\"wp-block-column\"><\/div>\n<\/div>\n\n\n\n<p>Mit Christoph Baumhoer gab es ein Duo f\u00fcr zwei Gitarren und Gesang (hier die Vertonung eines Textes von Wolf Wondratschek)<\/p>\n\n\n\n<div class=\"wp-block-file\"><a href=\"https:\/\/simon-weiland.de\/wp-content\/uploads\/2026\/03\/So-entsteht-die-Liebe.mp3\">So entsteht die Liebe (live 10.07.93 ibp M\u00fcnchen)<\/a><a href=\"https:\/\/simon-weiland.de\/wp-content\/uploads\/2026\/03\/So-entsteht-die-Liebe.mp3\" class=\"wp-block-file__button\" download>Herunterladen<\/a><\/div>\n\n\n\n<h2><strong>Soloprojekte (1990 &#8211; 93<\/strong>)<\/h2>\n\n\n\n<div class=\"wp-block-columns\">\n<div class=\"wp-block-column\">\n<p><\/p>\n\n\n\n<p>Ein Ausschnitt aus der ersten Soloperformance <strong>Eine Feuertaufe<\/strong> (1990) im Feierwerk M\u00fcnchen<\/p>\n<\/div>\n\n\n\n<div class=\"wp-block-column\">\n<figure class=\"wp-block-embed is-type-video is-provider-youtube wp-block-embed-youtube wp-embed-aspect-4-3 wp-has-aspect-ratio\"><div class=\"wp-block-embed__wrapper\">\n<iframe title=\"Simon Weiland: Eine Feuertaufe (Ausschnitt) 18 02 90\" width=\"525\" height=\"394\" src=\"https:\/\/www.youtube.com\/embed\/P6W8mNCgaR8?feature=oembed\" frameborder=\"0\" allow=\"accelerometer; autoplay; clipboard-write; encrypted-media; gyroscope; picture-in-picture; web-share\" referrerpolicy=\"strict-origin-when-cross-origin\" allowfullscreen><\/iframe>\n<\/div><\/figure>\n\n\n\n<p><br><\/p>\n<\/div>\n<\/div>\n\n\n\n<div class=\"wp-block-file\"><a href=\"https:\/\/simon-weiland.de\/wp-content\/uploads\/2026\/03\/das-eigentliche.mp3\">das eigentliche (live 10.07.1993 ibp M\u00fcnchen)<\/a><a href=\"https:\/\/simon-weiland.de\/wp-content\/uploads\/2026\/03\/das-eigentliche.mp3\" class=\"wp-block-file__button\" download>Herunterladen<\/a><\/div>\n\n\n\n<div class=\"wp-block-file\"><a href=\"https:\/\/simon-weiland.de\/wp-content\/uploads\/2026\/03\/Das-tapfere-Schneiderlein.mp3\">das tapfere schneiderlein  (live 10.07.93 ibp M\u00fcnchen)<\/a><a href=\"https:\/\/simon-weiland.de\/wp-content\/uploads\/2026\/03\/Das-tapfere-Schneiderlein.mp3\" class=\"wp-block-file__button\" download>Herunterladen<\/a><\/div>\n\n\n\n<p><\/p>\n\n\n\n<h2 style=\"font-size:32px\">Einst (zuk\u00fcnftig)<\/h2>\n\n\n\n<p>Notation der Vertonung eines Gedichts von 1986. Die damaligen Progressive-Rock-St\u00fccke wurden inzwischen f\u00fcr Streichquartett und Stimme umarrangiert. Es gibt aus der Zeit von 1985 &#8211; 1989 vier Liederzyklen f\u00fcr ein abendf\u00fcllendes Programm mit Streichern. Einst  m\u00f6chte ich das auff\u00fchren. Wenn jemand also ein Streichquartett kennt, das Interesse hat: bitte melden! <\/p>\n\n\n\n<div class=\"wp-block-file\"><a href=\"https:\/\/simon-weiland.de\/wp-content\/uploads\/2021\/01\/Meine-Haltung.pdf\">meine haltung<\/a><a href=\"https:\/\/simon-weiland.de\/wp-content\/uploads\/2021\/01\/Meine-Haltung.pdf\" class=\"wp-block-file__button\" download>Herunterladen<\/a><\/div>\n\n\n\n<p><\/p>\n\n\n\n<p><\/p>\n\n\n\n<div class=\"wp-block-columns\">\n<div class=\"wp-block-column\"><\/div>\n\n\n\n<div class=\"wp-block-column\"><\/div>\n<\/div>\n\n\n\n<h2 style=\"font-size:32px\">Fotocredits<\/h2>\n\n\n\n<p>Beginnend links oben: Diana Taddia, Monika Schneider, Andrea D\u00f6ring, Susanne Sch\u00f6n, Susan G\u00f6nner, Hanswerner Kruse, Olli Hauer, Helmut B\u00e4r, Susan G\u00f6nner, Evy Geckle, Martin W\u00e4chter, Susan G\u00f6nner, Peter Mauer, Barbara Pfeiffer, Detlef Heinichen<\/p>\n","protected":false},"excerpt":{"rendered":"<p>Hier sind Fotos vom Musiktheater, Arbeiten aus den 80ern \/ 90ern und ein geplantes Projekt. Einst (fr\u00fcher) die sprache (1988 &#8211; 91) die sprache war eine M\u00fcnchner Progressive Rock &#8211; Band:Simon Weiland (Gesang \/ Bass) Stefan Froschmeier (Schlagzeug) Klaus Hasholzner (Saxophon \/ Klarinette)Holger Vogt (Gitarre) Bertand Hirl (Gitarre) Reinhard Scheiler (Bass) Aus dem Zyklus &#8222;t\u00f6ne &hellip; <\/p>\n<p class=\"link-more\"><a href=\"https:\/\/simon-weiland.de\/?page_id=49\" class=\"more-link\"><span class=\"screen-reader-text\">\u201eEinst\u201c<\/span> weiterlesen<\/a><\/p>\n","protected":false},"author":1,"featured_media":0,"parent":0,"menu_order":0,"comment_status":"closed","ping_status":"closed","template":"","meta":[],"_links":{"self":[{"href":"https:\/\/simon-weiland.de\/index.php?rest_route=\/wp\/v2\/pages\/49"}],"collection":[{"href":"https:\/\/simon-weiland.de\/index.php?rest_route=\/wp\/v2\/pages"}],"about":[{"href":"https:\/\/simon-weiland.de\/index.php?rest_route=\/wp\/v2\/types\/page"}],"author":[{"embeddable":true,"href":"https:\/\/simon-weiland.de\/index.php?rest_route=\/wp\/v2\/users\/1"}],"replies":[{"embeddable":true,"href":"https:\/\/simon-weiland.de\/index.php?rest_route=%2Fwp%2Fv2%2Fcomments&post=49"}],"version-history":[{"count":106,"href":"https:\/\/simon-weiland.de\/index.php?rest_route=\/wp\/v2\/pages\/49\/revisions"}],"predecessor-version":[{"id":2272,"href":"https:\/\/simon-weiland.de\/index.php?rest_route=\/wp\/v2\/pages\/49\/revisions\/2272"}],"wp:attachment":[{"href":"https:\/\/simon-weiland.de\/index.php?rest_route=%2Fwp%2Fv2%2Fmedia&parent=49"}],"curies":[{"name":"wp","href":"https:\/\/api.w.org\/{rel}","templated":true}]}}